{"id":3,"date":"2025-01-27T13:40:02","date_gmt":"2025-01-27T13:40:02","guid":{"rendered":"https:\/\/facing.pt\/?page_id=3"},"modified":"2025-02-01T01:54:30","modified_gmt":"2025-02-01T01:54:30","slug":"termos-condicoes","status":"publish","type":"page","link":"https:\/\/facing.pt\/index.php\/termos-condicoes\/","title":{"rendered":"Termos e Condi\u00e7\u00f5es"},"content":{"rendered":"\t\t<div data-elementor-type=\"wp-page\" data-elementor-id=\"3\" class=\"elementor elementor-3\">\n\t\t\t\t<div class=\"elementor-element elementor-element-7b76de2 e-flex e-con-boxed e-con e-parent\" data-id=\"7b76de2\" data-element_type=\"container\">\n\t\t\t\t\t<div class=\"e-con-inner\">\n\t\t\t\t<div class=\"elementor-element elementor-element-de97461 elementor-widget elementor-widget-text-editor\" data-id=\"de97461\" data-element_type=\"widget\" data-widget_type=\"text-editor.default\">\n\t\t\t\t<div class=\"elementor-widget-container\">\n\t\t\t\t\t\t\t\t\t<p>Bem-vindo \u00e0 Facing, Lda. Estes termos e condi\u00e7\u00f5es definem as regras e regulamentos para a utiliza\u00e7\u00e3o do Website da Facing, Lda.<\/p>\n<p><strong>Facing, Lda encontra-se localizada em www.facing.pt<\/strong><\/p>\n<p>Ao aceder a este site, presumimos que aceita estes termos e condi\u00e7\u00f5es na totalidade. N\u00e3o continue a utilizar o site da Facing, Lda se n\u00e3o aceitar todos os termos e servi\u00e7os referidos nesta p\u00e1gina.<\/p>\n<p>A terminologia seguinte aplica-se as estes Termos e Condi\u00e7\u00f5es, Declara\u00e7\u00e3o de Privacidade e Aviso de Isen\u00e7\u00e3o de Responsabilidade, assim como a todo e qualquer Acordo:\u00a0<strong>Cliente<\/strong>,\u00a0<strong>Voc\u00ea<\/strong>\u00a0e\u00a0<strong>Seu<\/strong>\u00a0referem-se a si, a pessoa que est\u00e1 a aceder a este site para aceitar os termos e condi\u00e7\u00f5es da Empresa.\u00a0<strong>A Empresa<\/strong>,\u00a0<strong>N\u00f3s<\/strong>\u00a0e\u00a0<strong>Nosso<\/strong>, referem-se \u00e0 nossa Empresa.\u00a0<strong>Entidade<\/strong>,\u00a0<strong>Entidades<\/strong>, ou\u00a0<strong>N\u00f3s<\/strong>, referem-se tanto ao Cliente como a n\u00f3s, ou s\u00f3 ao cliente ou a n\u00f3s.<\/p>\n<p>Qualquer uso da terminologia acima ou outras palavras no singular, plural, em mai\u00fascula\/min\u00fascula e\/ou ele\/ela ou eles\/elas s\u00e3o tomados como intermut\u00e1veis e, portanto, referem-se ao mesmo.<\/p>\n<p><strong>Cookies<\/strong><\/p>\n<p>N\u00e3o utilizamos cookies.<\/p>\n<p><strong>Licen\u00e7a<\/strong><\/p>\n<p>Excetuando refer\u00eancia em contr\u00e1rio, a Facing, Lda e\/ou os seus licenciantes s\u00e3o propriet\u00e1rios dos direitos de propriedade intelectual para todo o material em www.facing.pt<\/p>\n<p>Todos os direitos de propriedade intelectual s\u00e3o reservados. Pode visualizar e\/ou imprimir p\u00e1ginas de www.facing.pt para o seu uso pessoal, sujeito \u00e0s restri\u00e7\u00f5es definidas nestes termos e condi\u00e7\u00f5es.<\/p>\n<p>N\u00e3o deve:<\/p>\n<ul>\n<li>Republicar material de www.facing.pt<\/li>\n<li>Vender, alugar ou sub-licenciar material de www.facing.pt<\/li>\n<li>Reproduzir, duplicar ou copiar material de www.facing.pt<\/li>\n<li>Redistribuir conte\u00fado de www.facing.pt (a n\u00e3o ser que o conte\u00fado seja feito especificamente para redistribui\u00e7\u00e3o).<\/li>\n<\/ul>\n<p><strong>Aviso<\/strong><\/p>\n<p>No limite m\u00e1ximo permitido pela lei aplic\u00e1vel, exclu\u00edmos todas as representa\u00e7\u00f5es, garantias e condi\u00e7\u00f5es relacionadas com o nosso site e com a utiliza\u00e7\u00e3o deste site (incluindo, sem limita\u00e7\u00e3o, qualquer garantia impl\u00edcita na lei a respeito de qualidade satisfat\u00f3ria, adequa\u00e7\u00e3o ao prop\u00f3sito e\/ou utiliza\u00e7\u00e3o de cuidado e habilidade razo\u00e1vel).<\/p>\n<p>Nada neste aviso ir\u00e1:<\/p>\n<ul>\n<li>Limitar ou excluir a nossa ou a sua responsabilidade devido a morte ou les\u00f5es pessoais resultantes de neglig\u00eancia.<\/li>\n<li>Limitar ou excluir a nossa ou a sua responsabilidade por fraude ou declara\u00e7\u00f5es fraudulentas.<\/li>\n<li>Limitar qualquer responsabilidade nossa ou sua de qualquer forma que n\u00e3o seja permitida de acordo com a lei aplic\u00e1vel.<\/li>\n<li>Ou excluir qualquer das nossas, ou das suas, responsabilidades que n\u00e3o possam ser exclu\u00eddas de acordo com a lei aplic\u00e1vel.<\/li>\n<\/ul>\n<p>As limita\u00e7\u00f5es e exclus\u00f5es de responsabilidade definidas nesta Sec\u00e7\u00e3o e em outros locais deste aviso:<\/p>\n<ul>\n<li>Est\u00e3o sujeitas ao par\u00e1grafo precedente;\u00a0<\/li>\n<li>Governam todas as responsabilidades de acordo com este aviso ou em rela\u00e7\u00e3o com a mat\u00e9ria em quest\u00e3o neste aviso, incluindo responsabilidades que surjam em contrato, responsabilidade civil (incluindo negligencia) e por qualquer quebra de dever estatut\u00e1rio.<\/li>\n<\/ul>\n<p>Na medida em que o site, a informa\u00e7\u00e3o e os servi\u00e7os no site s\u00e3o fornecidos sem qualquer custo, n\u00e3o seremos respons\u00e1veis por qualquer perda ou dano de qualquer natureza.<\/p>\t\t\t\t\t\t\t\t<\/div>\n\t\t\t\t<\/div>\n\t\t\t\t\t<\/div>\n\t\t\t\t<\/div>\n\t\t\t\t<\/div>\n\t\t","protected":false},"excerpt":{"rendered":"<p>Bem-vindo \u00e0 Facing, Lda. Estes termos e condi\u00e7\u00f5es definem as regras e regulamentos para a utiliza\u00e7\u00e3o do Website da Facing,.. <span class=\"mil-el-more\"><a href=\"https:\/\/facing.pt\/index.php\/termos-condicoes\/\" class=\"mil-button mil-button-lg\"><span>Read more<\/span><\/a><\/span><\/p>\n","protected":false},"author":1,"featured_media":0,"parent":0,"menu_order":0,"comment_status":"closed","ping_status":"closed","template":"","meta":{"_acf_changed":false,"footnotes":""},"class_list":["post-3","page","type-page","status-publish","hentry"],"acf":[],"yoast_head":"<!-- This site is optimized with the Yoast SEO plugin v24.7 - https:\/\/yoast.com\/wordpress\/plugins\/seo\/ -->\n<title>Termos e Condi\u00e7\u00f5es - Facing, Lda.<\/title>\n<meta name=\"description\" content=\"Facing, Lda.\" \/>\n<meta name=\"robots\" content=\"index, follow, max-snippet:-1, max-image-preview:large, max-video-preview:-1\" \/>\n<link rel=\"canonical\" href=\"https:\/\/facing.pt\/index.php\/termos-condicoes\/\" \/>\n<meta property=\"og:locale\" content=\"pt_PT\" \/>\n<meta property=\"og:type\" content=\"article\" \/>\n<meta property=\"og:title\" content=\"Termos e Condi\u00e7\u00f5es - Facing, Lda.\" \/>\n<meta property=\"og:description\" content=\"Facing, Lda.\" \/>\n<meta property=\"og:url\" content=\"https:\/\/facing.pt\/index.php\/termos-condicoes\/\" \/>\n<meta property=\"og:site_name\" content=\"Facing, Lda.\" \/>\n<meta property=\"article:publisher\" content=\"https:\/\/www.facebook.com\/Facing.lda\/?locale=pt_PT\" \/>\n<meta property=\"article:modified_time\" content=\"2025-02-01T01:54:30+00:00\" \/>\n<meta name=\"twitter:card\" content=\"summary_large_image\" \/>\n<meta name=\"twitter:label1\" content=\"Tempo estimado de leitura\" \/>\n\t<meta name=\"twitter:data1\" content=\"3 minutos\" \/>\n<script type=\"application\/ld+json\" class=\"yoast-schema-graph\">{\"@context\":\"https:\/\/schema.org\",\"@graph\":[{\"@type\":\"WebPage\",\"@id\":\"https:\/\/facing.pt\/index.php\/termos-condicoes\/\",\"url\":\"https:\/\/facing.pt\/index.php\/termos-condicoes\/\",\"name\":\"Termos e Condi\u00e7\u00f5es - Facing, Lda.\",\"isPartOf\":{\"@id\":\"https:\/\/facing.pt\/#website\"},\"datePublished\":\"2025-01-27T13:40:02+00:00\",\"dateModified\":\"2025-02-01T01:54:30+00:00\",\"description\":\"Facing, Lda.\",\"breadcrumb\":{\"@id\":\"https:\/\/facing.pt\/index.php\/termos-condicoes\/#breadcrumb\"},\"inLanguage\":\"pt-PT\",\"potentialAction\":[{\"@type\":\"ReadAction\",\"target\":[\"https:\/\/facing.pt\/index.php\/termos-condicoes\/\"]}]},{\"@type\":\"BreadcrumbList\",\"@id\":\"https:\/\/facing.pt\/index.php\/termos-condicoes\/#breadcrumb\",\"itemListElement\":[{\"@type\":\"ListItem\",\"position\":1,\"name\":\"Home\",\"item\":\"https:\/\/facing.pt\/\"},{\"@type\":\"ListItem\",\"position\":2,\"name\":\"Termos e Condi\u00e7\u00f5es\"}]},{\"@type\":\"WebSite\",\"@id\":\"https:\/\/facing.pt\/#website\",\"url\":\"https:\/\/facing.pt\/\",\"name\":\"Facing, Lda.\",\"description\":\"Empresa dimens\u00e3o nacional especializada em log\u00edstica, armazenagem, trade marketing e gest\u00e3o de ponto de venda bem como recursos humanos, promotoras e eventos.\",\"publisher\":{\"@id\":\"https:\/\/facing.pt\/#organization\"},\"alternateName\":\"Facing, Lda.\",\"potentialAction\":[{\"@type\":\"SearchAction\",\"target\":{\"@type\":\"EntryPoint\",\"urlTemplate\":\"https:\/\/facing.pt\/?s={search_term_string}\"},\"query-input\":{\"@type\":\"PropertyValueSpecification\",\"valueRequired\":true,\"valueName\":\"search_term_string\"}}],\"inLanguage\":\"pt-PT\"},{\"@type\":\"Organization\",\"@id\":\"https:\/\/facing.pt\/#organization\",\"name\":\"Facing, Lda.\",\"alternateName\":\"Facing, Lda.\",\"url\":\"https:\/\/facing.pt\/\",\"logo\":{\"@type\":\"ImageObject\",\"inLanguage\":\"pt-PT\",\"@id\":\"https:\/\/facing.pt\/#\/schema\/logo\/image\/\",\"url\":\"https:\/\/facing.pt\/wp-content\/uploads\/2025\/01\/logo-facing-2.png\",\"contentUrl\":\"https:\/\/facing.pt\/wp-content\/uploads\/2025\/01\/logo-facing-2.png\",\"width\":150,\"height\":64,\"caption\":\"Facing, Lda.\"},\"image\":{\"@id\":\"https:\/\/facing.pt\/#\/schema\/logo\/image\/\"},\"sameAs\":[\"https:\/\/www.facebook.com\/Facing.lda\/?locale=pt_PT\",\"https:\/\/www.linkedin.com\/company\/facing-lda\/\",\"https:\/\/www.instagram.com\/facing_lda\/\"]}]}<\/script>\n<!-- \/ Yoast SEO plugin. -->","yoast_head_json":{"title":"Termos e Condi\u00e7\u00f5es - Facing, Lda.","description":"Facing, Lda.","robots":{"index":"index","follow":"follow","max-snippet":"max-snippet:-1","max-image-preview":"max-image-preview:large","max-video-preview":"max-video-preview:-1"},"canonical":"https:\/\/facing.pt\/index.php\/termos-condicoes\/","og_locale":"pt_PT","og_type":"article","og_title":"Termos e Condi\u00e7\u00f5es - Facing, Lda.","og_description":"Facing, Lda.","og_url":"https:\/\/facing.pt\/index.php\/termos-condicoes\/","og_site_name":"Facing, Lda.","article_publisher":"https:\/\/www.facebook.com\/Facing.lda\/?locale=pt_PT","article_modified_time":"2025-02-01T01:54:30+00:00","twitter_card":"summary_large_image","twitter_misc":{"Tempo estimado de leitura":"3 minutos"},"schema":{"@context":"https:\/\/schema.org","@graph":[{"@type":"WebPage","@id":"https:\/\/facing.pt\/index.php\/termos-condicoes\/","url":"https:\/\/facing.pt\/index.php\/termos-condicoes\/","name":"Termos e Condi\u00e7\u00f5es - Facing, Lda.","isPartOf":{"@id":"https:\/\/facing.pt\/#website"},"datePublished":"2025-01-27T13:40:02+00:00","dateModified":"2025-02-01T01:54:30+00:00","description":"Facing, Lda.","breadcrumb":{"@id":"https:\/\/facing.pt\/index.php\/termos-condicoes\/#breadcrumb"},"inLanguage":"pt-PT","potentialAction":[{"@type":"ReadAction","target":["https:\/\/facing.pt\/index.php\/termos-condicoes\/"]}]},{"@type":"BreadcrumbList","@id":"https:\/\/facing.pt\/index.php\/termos-condicoes\/#breadcrumb","itemListElement":[{"@type":"ListItem","position":1,"name":"Home","item":"https:\/\/facing.pt\/"},{"@type":"ListItem","position":2,"name":"Termos e Condi\u00e7\u00f5es"}]},{"@type":"WebSite","@id":"https:\/\/facing.pt\/#website","url":"https:\/\/facing.pt\/","name":"Facing, Lda.","description":"Empresa dimens\u00e3o nacional especializada em log\u00edstica, armazenagem, trade marketing e gest\u00e3o de ponto de venda bem como recursos humanos, promotoras e eventos.","publisher":{"@id":"https:\/\/facing.pt\/#organization"},"alternateName":"Facing, Lda.","potentialAction":[{"@type":"SearchAction","target":{"@type":"EntryPoint","urlTemplate":"https:\/\/facing.pt\/?s={search_term_string}"},"query-input":{"@type":"PropertyValueSpecification","valueRequired":true,"valueName":"search_term_string"}}],"inLanguage":"pt-PT"},{"@type":"Organization","@id":"https:\/\/facing.pt\/#organization","name":"Facing, Lda.","alternateName":"Facing, Lda.","url":"https:\/\/facing.pt\/","logo":{"@type":"ImageObject","inLanguage":"pt-PT","@id":"https:\/\/facing.pt\/#\/schema\/logo\/image\/","url":"https:\/\/facing.pt\/wp-content\/uploads\/2025\/01\/logo-facing-2.png","contentUrl":"https:\/\/facing.pt\/wp-content\/uploads\/2025\/01\/logo-facing-2.png","width":150,"height":64,"caption":"Facing, Lda."},"image":{"@id":"https:\/\/facing.pt\/#\/schema\/logo\/image\/"},"sameAs":["https:\/\/www.facebook.com\/Facing.lda\/?locale=pt_PT","https:\/\/www.linkedin.com\/company\/facing-lda\/","https:\/\/www.instagram.com\/facing_lda\/"]}]}},"_links":{"self":[{"href":"https:\/\/facing.pt\/index.php\/wp-json\/wp\/v2\/pages\/3","targetHints":{"allow":["GET"]}}],"collection":[{"href":"https:\/\/facing.pt\/index.php\/wp-json\/wp\/v2\/pages"}],"about":[{"href":"https:\/\/facing.pt\/index.php\/wp-json\/wp\/v2\/types\/page"}],"author":[{"embeddable":true,"href":"https:\/\/facing.pt\/index.php\/wp-json\/wp\/v2\/users\/1"}],"replies":[{"embeddable":true,"href":"https:\/\/facing.pt\/index.php\/wp-json\/wp\/v2\/comments?post=3"}],"version-history":[{"count":17,"href":"https:\/\/facing.pt\/index.php\/wp-json\/wp\/v2\/pages\/3\/revisions"}],"predecessor-version":[{"id":4273,"href":"https:\/\/facing.pt\/index.php\/wp-json\/wp\/v2\/pages\/3\/revisions\/4273"}],"wp:attachment":[{"href":"https:\/\/facing.pt\/index.php\/wp-json\/wp\/v2\/media?parent=3"}],"curies":[{"name":"wp","href":"https:\/\/api.w.org\/{rel}","templated":true}]}}